(z) = z**3 - 16*z**2 + 151*z - 2420. Determine w(15).
-380
Let s(h) = -h**2 + 5033*h + 65598. Give s(-13).
0
Let y(p) = -p**3 - 97*p**2 - 879*p - 218. What is y(-87)?
565
Let g(j) = -15*j**2 - 559*j + 1014. Determine g(-39).
0
Let x(b) = -6*b**3 - 1147*b**2 - 194*b - 651. Calculate x(-191).
-78
Let u(p) = 2*p**3 + 9*p**2 - 1180*p - 9582. Calculate u(-8).
-590
Let t(n) = -12*n - 950. Determine t(-82).
34
Let o(v) = 27403*v - 3726822. Calculate o(136).
-14
Let p(r) = r**2 + 36630*r + 512636. Determine p(-14).
12
Let r(y) = -2*y**2 + 135*y + 28094. Calculate r(157).
-9
Let i(r) = 28*r**2 + 2793*r - 51834. Give i(16).
22
Let u(s) = -2*s**3 + 52*s**2 - 476*s + 7955. Give u(23).
181
Let l(q) = 527*q - 3058. Calculate l(1).
-2531
Let v(w) = 5774*w + 23100. What is v(-4)?
4
Let k(q) = -4*q**3 - 269*q**2 - 59*q + 665. Give k(-67).
129
Let w(s) = 7*s**2 - 2128*s - 10732. What is w(-5)?
83
Let o(x) = -8*x**3 + 193*x**2 + 345*x + 1315. Determine o(26).
145
Let t(q) = -2*q**3 + 3587*q + 53611. Determine t(-30).
1
Let r(x) = -4*x**3 - 297*x**2 - 5181*x - 15. Give r(-28).
13
Let a(g) = g**3 - g**2 - 2285*g - 384. Give a(0).
-384
Let z(h) = -25*h**2 - 32*h + 4. Determine z(0).
4
Let m(z) = -z**3 - 12*z**2 - 62*z + 451. Determine m(6).
-569
Let d(x) = x**2 + 462*x + 32528. What is d(-86)?
192
Let m(y) = -2*y**2 - 24676*y - 787589. Give m(-32).
-5
Let t(y) = y**2 + 1017781*y - 3. What is t(0)?
-3
Let z(r) = 2*r**3 + 10*r**2 - 62*r - 582. What is z(-9)?
-672
Let p(o) = -456*o - 19151. Calculate p(-42).
1
Let w(i) = i**2 + 250*i + 4779. What is w(-20)?
179
Let q(v) = 4731*v + 104131. What is q(-22)?
49
Let o(m) = 124*m - 12357. Calculate o(100).
43
Let n(y) = y**2 - 5088*y + 192034. What is n(38)?
134
Let g(j) = -j**3 + 265*j**2 - 16665*j - 14137. What is g(105)?
38
Let j(w) = 4*w**2 + 139*w - 163017. What is j(-220)?
3
Let k(o) = 3*o**2 - 318*o - 55538. Determine k(-93).
-17
Let g(x) = -1691*x - 466717. Determine g(-276).
-1
Let b(q) = q**3 - 136*q**2 + 9*q - 2205. Calculate b(136).
-981
Let s(x) = x**3 - 10*x**2 - 4*x - 597. Calculate s(15).
468
Let x(t) = 5*t**2 + 67341*t - 1213763. Determine x(18).
-5
Let j(n) = -76988*n + 76992. Give j(1).
4
Let d(z) = -z**2 + 308*z - 13818. Determine d(49).
-1127
Let r(p) = 1051*p**2 - 11543*p - 373. Calculate r(11).
-175
Let q(k) = 65*k**2 + 15080*k - 314. Give q(-232).
-314
Let s(p) = 2*p**2 - 1690*p + 304860. Calculate s(584).
12
Let j(y) = -2*y**3 + 30*y**2 - 439*y + 2628. Give j(8).
12
Let r(x) = 42*x**2 + 64*x + 58. Calculate r(-1).
36
Let l(y) = 8*y**3 + 1017*y**2 + 102*y - 2777. Calculate l(-127).
398
Let d(r) = -21*r**2 - 126*r - 88. What is d(-8)?
-424
Let n(t) = t**3 - 136*t**2 - 142*t + 683. Determine n(137).
-2
Let v(t) = -312*t**3 - 7487*t**2 + 31*t - 39. Calculate v(-24).
-207
Let f(d) = -9*d**3 + 386*d**2 - 728*d + 33133. Determine f(43).
-20
Let u(o) = -47*o**3 + 941*o**2 + 12*o - 744. Give u(20).
-104
Let m(a) = -3*a**3 + 448*a**2 + 1214*a + 295. Determine m(152).
-9
Let y(o) = 79563*o + 3500753. Calculate y(-44).
-19
Let v(f) = -f**3 - 99*f**2 - 138*f - 3925. What is v(-98)?
-5
Let j(l) = -9962*l + 2639836. Give j(265).
-94
Let b(d) = -2*d**3 + 358*d**2 - 1050*d - 1019. Give b(176).
37
Let u(s) = 79*s**2 + 527*s - 66. Give u(-7).
116
Let x(c) = -549247*c - 132368527. Give x(-241).
0
Let n(w) = 5*w**2 - 953*w + 43486. Determine n(116).
218
Let v(s) = -4199*s + 29197. What is v(7)?
-196
Let j(o) = 7*o**2 - 44*o - 1202. Determine j(-17).
1569
Let n(h) = 4124*h - 1406271. Determine n(341).
13
Let v(p) = -578*p - 24489. What is v(-42)?
-213
Let x(n) = -116*n**2 - 1681*n - 1241. What is x(-14)?
-443
Let a(f) = 14556*f**2 + 655020*f + 7. Give a(-45).
7
Let o(g) = 366*g - 27941. Determine o(76).
-125
Let h(i) = i + 1126. Give h(12).
1138
Let f(p) = p**2 - 85*p + 945. Determine f(74).
131
Let i(t) = 84*t**2 + 2663*t + 2662. Give i(-1).
83
Let s(a) = 19*a**2 + 350*a + 1492. What is s(-6)?
76
Let v(w) = -21678*w + 2102766. Give v(97).
0
Let w(u) = -11988*u**2 + 419584*u - 139. Determine w(35).
1
Let z(w) = 304*w + 64754. Determine z(-213).
2
Let j(k) = k**3 + 53*k**2 - 156*k + 55. What is j(-56)?
-617
Let o(g) = g**3 - 229*g**2 + 75*g + 36815. Give o(228).
1931
Let n(d) = -10*d - 146. Calculate n(-36).
214
Let n(o) = 1643*o - 6218. Calculate n(4).
354
Let w(a) = 10*a**2 - 336*a - 2400. Determine w(-7).
442
Let a(s) = -s**2 + 15*s + 5800. What is a(-69)?
4
Let o(s) = -287*s + 1613. Calculate o(-6).
3335
Let d(a) = a**3 - 22*a**2 + 292*a + 8398. What is d(-12)?
-2
Let z(t) = -130888*t + 3141309. Calculate z(24).
-3
Let y(c) = 14*c - 2020. Calculate y(85).
-830
Let k(m) = 142*m**2 + 6390*m + 7. Calculate k(-45).
7
Let q(v) = v**3 + 1120*v**2 + 2216*v - 22367. Determine q(-1118).
-7
Let g(w) = 85730*w - 857350. Give g(10).
-50
Let q(o) = -786*o - 101422. What is q(-129)?
-28
Let o(f) = -39*f**2 - 833*f - 279. Determine o(-20).
781
Let w(b) = b**3 - b**2 - 281*b - 1174. What is w(-13)?
113
Let f(g) = 135*g**3 - 2816*g**2 - 407*g + 169. Calculate f(21).
1
Let p(g) = -2*g**3 - 417*g**2 - 619*g - 32. Give p(-207).
-446
Let a(m) = 69068*m - 1174158. Determine a(17).
-2
Let r(d) = -d**3 - 67*d**2 + 531*d + 368. Calculate r(-74).
-594
Let v(z) = z**2 - 9396*z - 2007382. Determine v(-209).
63
Let x(m) = 1010*m + 19195. What is x(-19)?
5
Let l(j) = j**3 - 58*j**2 + 164*j + 93. Calculate l(55).
38
Let g(v) = 1688*v + 78171. Calculate g(-47).
-1165
Let a(n) = -n**3 - 15*n**2 + 11896*n + 178547. What is a(-15)?
107
Let f(r) = 780058*r + 780052. Determine f(-1).
-6
Let p(t) = -10810*t - 9469593. Give p(-876).
-33
Let z(a) = 9*a**3 + 21*a - 103. Determine z(3).
203
Let n(w) = 3*w**2 + 23355*w + 1114136. What is n(-48)?
8
Let g(t) = -121*t**2 + 12550*t + 3529. What is g(104)?
-7
Let d(i) = 7*i**3 + 164*i**2 + 758*i - 93. What is d(-17)?
26
Let q(w) = -4*w**3 - 20*w**2 - 4*w - 289. Calculate q(-9).
1043
Let k(c) = 4*c**2 - 209*c + 621. What is k(3)?
30
Let d(n) = 3*n**3 - 531*n**2 + 11400*n + 1. Give d(152).
1
Let w(i) = 5935*i + 23971. What is w(-4)?
231
Let l(w) = w**3 + 13*w**2 - 128*w - 934. Calculate l(-17).
86
Let m(b) = b**3 - 449*b**2 + 3081*b + 5727. Calculate m(442).
-19
Let l(a) = -9859*a + 187281. Give l(19).
-40
Let r(w) = 53*w**3 + 689*w**2 - 31*w - 426. Calculate r(-13).
-23
Let q(f) = -2588*f + 194136. Determine q(75).
36
Let h(n) = -595*n**2 + 126140*n + 32. Calculate h(212).
32
Let f(o) = -305*o - 37369. Give f(-123).
146
Let l(y) = 2*y**3 + 3115*y**2 + 18728*y + 18. What is l(-6)?
-642
Let m(y) = -10035*y + 782733. What is m(78)?
3
Let p(x) = 5168*x - 46644. Calculate p(9).
-132
Let i(y) = -39876*y - 239248. Calculate i(-6).
8
Let d(z) = 5*z**2 - 4752*z + 157552. Give d(916).
0
Let x(a) = -a**3 + 40*a**2 + 423*a + 713. What is x(-7)?
55
Let u(w) = w**3 - 216*w**2 + 885*w - 5678. Calculate u(212).
2166
Let l(i) = -13*i**2 - 239*i + 1186. Determine l(6).
-716
Let r(w) = -w**2 - 520*w - 51537. Determine r(-133).
-66
Let n(d) = 6128*d + 1624056. Determine n(-265).
136
Let q(f) = -4074*f + 366677. Give q(90).
17
Let w(q) = -9*q**2 + 2353*q + 3639. Determine w(263).
-43
Let u(f) = -4*f**3 - 705*f**2 + 15486*f + 401. What is u(-196)?
9
Let z(d) = 48*d**3 - 43007*d**2 - 899*d + 2878. Calculate z(896).
190
Let r(c) = -50*c**3 + 50*c**2 - 53*c + 4. Calculate r(1).
-49
Let k(j) = 35875*j - 1901376. Calculate k(53).
-1
Let q(h) = 3*h**2 + 462*h + 657. Calculate q(-153).
198
Let i(c) = 11624*c - 534694. Give i(46).
10
Let t(p) = 131*p**2 + 175*p + 537. What is t(-3)?
1191
Let r(c) = c**3 - 21*c**2 + 681*c - 5720. Calculate r(10).
-10
Let x(a) = 439*a - 5027. Calculate x(6).
-2393
Let t(q) = 86*q**3 - 112*q**2 + 93*q - 4. What is t(1)?
63
Let h(z) = -5*z**3 - 3*z**2 - 891*z - 4117. Calculate h(-5).
888
Let v(s) = 19*s**2 - 524*s - 2628. Determine v(-5).
467
Let a(p) = p**3 + 10*p**2 + 29353*p + 234708. Calculate a(-8).
12
Let c(s) = -116*s + 4395. Give c(36).
219
Let r(x) = -27*x**3 - 928*x**2 - 330*x + 345. Determine r(-34).
5
Let r(l) = -11601*l - 162677. Calculate r(-14).
-263
Let c(d) = d**3 + 2*d**2 - 428*d - 1300. Determine c(-3).
-25
Let r(n) = n**2 + 24*n - 41454. Determine r(-216).
18
Let p(z) = -z**2 - 452*z - 51444. What is p(-185)?
-2049
Let k(v) = -1640*v - 27194. Determine k(-14).
-4234
Let p(z) = 65*z**2 + 80*z